, -5*m = 5*k - 64 - 431. Let s = 169 - m. Calculate the remainder when s is divided by 20.
8
Suppose 0 = -2*v - 3*z + 22, -v + 2*v - 9 = -2*z. What is the remainder when 93 is divided by v?
8
Suppose 22*g - 121 = -k + 19*g, 5*k = -2*g + 540. Calculate the remainder when 528 is divided by k.
104
Calculate the remainder when 159 is divided by 0 + 0 + (-15)/((-90)/168).
19
Let i(q) = q**3 + 2*q**2 - 4*q - 4. Let o be i(-4). What is the remainder when 44 is divided by 236/16 - 5/o?
14
Suppose 5*u = 20 + 250. Let s = u + 3. What is the remainder when s is divided by 24?
9
Let h(s) = -s**3 - 10*s**2 - 8*s - 19. Calculate the remainder when h(-10) is divided by 22.
17
Suppose -3*o = 2*r - 76, -3*r = o - 55 - 59. Calculate the remainder when r is divided by 13.
12
Let w be 75/10*(-4)/(-6). Suppose y = -2*g + 36, -w*g + 14 = -2*y + 95. Let t = 1 + 9. Calculate the remainder when y is divided by t.
8
Let f(d) = d**2 + 4*d - 9. Suppose 3*i + 3 = 0, -u + 2*i - 6 = -2*i. Let k be f(u). Let z = -14 + k. What is the remainder when z is divided by 20?
17
What is the remainder when 7 + 109 + (-30)/6 is divided by 23?
19
Suppose 0 = 4*k + 8, 2*z - 5*k + 10*k = 62. Let y = -28 + z. What is the remainder when 20 is divided by y?
4
Let v = 186 + -34. What is the remainder when v is divided by 52?
48
Suppose 4*z = 4*p + 76, -z - 2*p = -0*p - 16. Calculate the remainder when 371 is divided by z.
11
Let z be ((-44)/(-66))/(2/33). Suppose 2*k + 3 = -z. Let j = 4 - k. What is the remainder when 54 is divided by j?
10
Let t be 110*4/8 + 2*-1. Suppose x + 23 + 33 = 4*z, -3*z - 2*x + t = 0. Let f(o) = -o + 9. Calculate the remainder when z is divided by f(0).
6
Suppose -20*w - 60 = -25*w. Let k(j) = -j. Let a be k(-2). What is the remainder when -1 + a + 2 + 42 is divided by w?
9
Let y = 15 - 12. Suppose 8 = 3*u - f - 10, -y*f = -u + 14. Suppose -u*s + 80 = 20. What is the remainder when 21 is divided by s?
9
Let k(v) be the second derivative of 2*v**3/3 - 3*v**2 - 4*v. Calculate the remainder when 89 is divided by k(6).
17
Suppose 37 + 11 = 4*s. Suppose -w + 4*x - s = 0, -w = -0*w + 4*x - 12. Suppose -6*f + 2*f + 80 = w. Calculate the remainder when 39 is divided by f.
19
Suppose 3*b - 59 = -2*w, 7*w = -3*b + 11*w + 71. What is the remainder when 649 is divided by b?
19
Let g be (-2)/11 + 2/11. Suppose g*j + 49 = j. What is the remainder when j is divided by 13?
10
Let y(k) = -69*k - 671. Calculate the remainder when y(-10) is divided by 11.
8
Suppose 3*a + 61 = 4*z, -4*z + 4*a + 46 = -10. What is the remainder when 34 is divided by z?
15
What is the remainder when 19 is divided by 95/15 - (-3)/(-9)?
1
Suppose 2*p - d - 5 = -2*p, 3 = -3*p + 3*d. Calculate the remainder when (-1)/((8/p)/(-116)) is divided by 8.
5
Suppose 3*v - 3*w = -5*w + 269, -3*w = -3*v + 249. What is the remainder when v is divided by 30?
27
Suppose 108 = 48*i - 44*i. Calculate the remainder when i is divided by 14.
13
Suppose 52*s = 7*s + 675. Calculate the remainder when 1/(-1) - -58 - 0 is divided by s.
12
Let g = 64 - -21. Let l be g/15*1*3. Let b = 19 - l. Calculate the remainder when b is divided by 2.
0
Suppose 3*x - 51 = 2*f - 5*f, -f + 4*x = 3. Let g(s) = -19*s - 21*s - 2 + 34*s. What is the remainder when f is divided by g(-1)?
1
Suppose 4*b - 7*x = -4*x + 53, 3*b = 2*x + 41. What is the remainder when 149 is divided by b?
13
Let w(s) = s**3 - 14*s**2 - 30*s + 47. Calculate the remainder when 154 is divided by w(16).
75
Let r = 83 - 50. Suppose -2*v = 4*i - r + 11, 5*i - 34 = -3*v. Let x = -7 + v. What is the remainder when 16 is divided by x?
4
Calculate the remainder when 271 is divided by -2 - ((-256)/8 - 2).
15
Let t = 23 - 1. Suppose 0 = -3*o - 2*g + 113, -o + g + 11 = -25. Calculate the remainder when o is divided by t.
15
Suppose 27 = x - 2*h, -7 = 3*x - 2*h - 72. Suppose -r - 5*u + 91 = 0, 5*r + 77 = 2*u + 424. Let s = -15 + r. What is the remainder when s is divided by x?
18
Suppose 0*t + 5*x = 5*t + 30, -3*t - 2*x = 8. Let u be 0 + -1 - (3 + t). Suppose u*v - v = -4. Calculate the remainder when 10 is divided by v.
2
Suppose 19*h + 106 = 20*h. What is the remainder when 18 is divided by h/9 + 0 + (-6)/(-27)?
6
Let o(s) = 13*s + 7. Let k be o(1). Suppose -24*r + k*r = -196. Calculate the remainder when r is divided by 13.
10
Calculate the remainder when 655 is divided by -2 + 112/70*20.
25
Suppose 0*m = -j - 4*m + 62, -2*j + 124 = -2*m. Calculate the remainder when 28 is divided by j/6 - 5/15.
8
Let d(y) = -y**3 + 5*y**2 + 13*y + 30. Calculate the remainder when 367 is divided by d(7).
22
What is the remainder when 137 is divided by 16320/(-714)*14/(-4)?
57
Suppose -3 = -2*j + h + 10, -4*h - 20 = -4*j. Calculate the remainder when 9 is divided by j.
1
Let w = -52 - -77. Let d(y) = -3*y**2 + 5*y - 17. Let m(k) = -8*k**2 + 14*k - 50. Let h(s) = 11*d(s) - 4*m(s). What is the remainder when w is divided by h(0)?
12
Let q(f) = f**3 + 7*f**2 + 7*f + 2. Let k = 34 - 39. What is the remainder when 5/((-1)/(-20)*2) is divided by q(k)?
16
Let j(n) = -9*n - 14 - 3 + 4. Calculate the remainder when j(-8) is divided by 12.
11
Let v(k) = 4*k**3 + k**2 + k - 1. Suppose 20 = -7*i + 153. Calculate the remainder when i is divided by v(1).
4
Let o = 85 + -70. Suppose 0 = d + 1 - 25. Calculate the remainder when d is divided by o.
9
Let w(n) = -24*n - 526. What is the remainder when w(-35) is divided by 64?
58
Suppose 0*l - 98 = -7*l. Suppose -12 = -b + 2*b. What is the remainder when l is divided by (12/5)/(b/(-40))?
6
Let j = -790 + 865. Let y(c) = -19*c**3 - c**2 + 1. What is the remainder when j is divided by y(-1)?
18
Let r = -413 - -436. What is the remainder when r is divided by (-1)/(-6) - (-106)/12?
5
Suppose 2*r - 3*w - 128 = 0, -5*r - 60 + 418 = 2*w. Calculate the remainder when r is divided by 49.
21
Let g(s) = 19*s + 154. What is the remainder when 75 is divided by g(-7)?
12
Suppose -46*d + 22*d + 540 = 30*d. Let q be 52 - (-2 - -2 - 0). Suppose 3*p = 3*r - 1 + q, -2*p - 3*r + 19 = 0. What is the remainder when p is divided by d?
4
Let m = -17 + 9. Let c = m - -25. What is the remainder when (-22 - -24)/((-6)/(-147)) is divided by c?
15
Suppose -4*s + 402 = -2*s. Calculate the remainder when s is divided by 11 - (-5)/((-25)/(-30)).
14
Suppose 1727*m = 1713*m + 462. Calculate the remainder when 50 is divided by m.
17
Let j(h) = -3*h**3 - h**2. Let n be j(1). Let w = -7 + 3. What is the remainder when 25 is divided by (1 + n - w) + 12?
12
Suppose -2*b + 79 = 5*y, -8 = y - 7. What is the remainder when b is divided by 40?
2
Let l(b) = -b**3 - 2*b**2 - b - 14. Let k be l(0). Let c = 17 + k. Let d = 9 - 6. Calculate the remainder when d is divided by c.
0
Calculate the remainder when 130 is divided by ((-24)/15)/(26/(-65)).
2
Let h = 249 - 236. Calculate the remainder when 49 is divided by h.
10
Suppose 44*a + 92 = 48*a. What is the remainder when 133 is divided by a?
18
Suppose 2*u = -8, 4*i - 20*u = -18*u + 676. Calculate the remainder when i is divided by 28.
27
Suppose 21 = 3*m - 2*m. Let g(l) = l**3 - 3*l - 2. Let d be g(-2). Let j = 4 - d. Calculate the remainder when m is divided by j.
5
Let z = 492 + -274. What is the remainder when z is divided by 16?
10
Let g(b) = b**3 - 10*b**2 + 7*b - 6. Let w be g(10). What is the remainder when ((-2)/(-4))/1*w is divided by 17?
15
Let c(o) = 3*o**3 - 4*o**2 - 353 - 3*o + 353 - 4*o**3 + 2*o**3. Let q(p) = p + 5. Let k be q(0). What is the remainder when 29 is divided by c(k)?
9
Let v(b) = b**3 - 15*b**2 - 35*b + 27. What is the remainder when 91 is divided by v(17)?
1
Suppose 5*y - 4*b - 53 = 0, -3*y - 2*b + 32 = y. Let w = 21 + 13. Calculate the remainder when w is divided by y.
7
Suppose 8*s + 2444 = 13*s - 2*q, -q - 487 = -s. Suppose 8*l - s = -2*l. Calculate the remainder when l is divided by 26.
23
Let y = 121 + -3. Calculate the remainder when y is divided by 12.
10
Let a = -2212 + 2230. What is the remainder when 139 is divided by a?
13
What is the remainder when (-93009)/(-1751) - 2/17 is divided by 52?
1
Suppose -b + 5 = -3*z, 4*b = -2*z - 0*z + 6. What is the remainder when 62 is divided by b/9 + -1*(-590)/18?
29
What is the remainder when (-12)/(-6)*(-135)/(-6) is divided by 44?
1
Suppose -8*l + 4*l = -212. Suppose -2131 = -10*d - 2